at is the units digit of 384967036?
6
What is the thousands digit of 5846653910?
3
What is the hundred thousands digit of 1306022924?
0
What is the millions digit of 5461486010?
1
What is the units digit of 1890528556?
6
What is the hundreds digit of 80429627?
6
What is the hundred millions digit of 4213010543?
2
What is the tens digit of 500423455?
5
What is the hundred millions digit of 847334501?
8
What is the hundreds digit of 19834085?
0
What is the tens digit of 71847749?
4
What is the billions digit of 2451192859?
2
What is the hundred millions digit of 231707634?
2
What is the units digit of 25615363?
3
What is the units digit of 28224483?
3
What is the thousands digit of 44518475?
8
What is the thousands digit of 992603823?
3
What is the millions digit of 1583747976?
3
What is the thousands digit of 34462103?
2
What is the millions digit of 53144941?
3
What is the ten millions digit of 177377556?
7
What is the hundred millions digit of 500471977?
5
What is the hundred thousands digit of 362458082?
4
What is the millions digit of 6376990079?
6
What is the thousands digit of 639418877?
8
What is the hundred thousands digit of 1891880330?
8
What is the ten thousands digit of 4392170?
9
What is the hundred millions digit of 221334772?
2
What is the thousands digit of 3355015399?
5
What is the ten thousands digit of 645966184?
6
What is the ten thousands digit of 594104384?
0
What is the ten thousands digit of 66129879?
2
What is the hundreds digit of 123401544?
5
What is the ten millions digit of 111585632?
1
What is the hundred thousands digit of 35030642?
0
What is the ten thousands digit of 104195553?
9
What is the hundred millions digit of 152307713?
1
What is the thousands digit of 5685761435?
1
What is the thousands digit of 240019934?
9
What is the hundred millions digit of 152715990?
1
What is the hundreds digit of 609866768?
7
What is the hundreds digit of 1109809570?
5
What is the hundreds digit of 475607356?
3
What is the hundreds digit of 1066195288?
2
What is the millions digit of 1760999822?
0
What is the hundreds digit of 365593970?
9
What is the hundreds digit of 28396758?
7
What is the thousands digit of 12239714?
9
What is the thousands digit of 277690128?
0
What is the units digit of 812786404?
4
What is the units digit of 1504178552?
2
What is the tens digit of 492481552?
5
What is the units digit of 35413452?
2
What is the hundred millions digit of 166859189?
1
What is the units digit of 216453532?
2
What is the hundreds digit of 6125812597?
5
What is the millions digit of 1061545232?
1
What is the tens digit of 103552212?
1
What is the hundred thousands digit of 102116698?
1
What is the hundreds digit of 132932850?
8
What is the ten thousands digit of 74364151?
6
What is the thousands digit of 21784478?
4
What is the hundreds digit of 1414856788?
7
What is the hundred millions digit of 939370770?
9
What is the ten millions digit of 2254831866?
5
What is the ten millions digit of 89818213?
8
What is the tens digit of 991466811?
1
What is the units digit of 143070337?
7
What is the hundred millions digit of 539648542?
5
What is the hundreds digit of 495584693?
6
What is the ten thousands digit of 797728027?
2
What is the units digit of 2237598228?
8
What is the millions digit of 97369273?
7
What is the ten thousands digit of 17495351?
9
What is the thousands digit of 558506950?
6
What is the ten millions digit of 79487358?
7
What is the hundreds digit of 320967690?
6
What is the ten millions digit of 463775168?
6
What is the ten thousands digit of 40823177?
2
What is the hundred thousands digit of 21869865?
8
What is the hundred thousands digit of 38372880?
3
What is the ten millions digit of 24807289?
2
What is the millions digit of 6091993855?
1
What is the ten millions digit of 226687499?
2
What is the ten thousands digit of 2505551909?
5
What is the millions digit of 251410066?
1
What is the thousands digit of 72484508?
4
What is the tens digit of 86308481?
8
What is the thousands digit of 702643817?
3
What is the millions digit of 56537156?
6
What is the ten millions digit of 268994525?
6
What is the hundred thousands digit of 265540584?
5
What is the hundred thousands digit of 580250022?
2
What is the hundreds digit of 2140308990?
9
What is the ten thousands digit of 1099789947?
8
What is the thousands digit of 867778618?
8
What is the thousands digit of 572420332?
0
What is the hundred thousands digit of 733756394?
7
What is the thousands digit of 1758519050?
9
What is the tens digit of 116481395?
9
What is the millions digit of 47093285?
7
What is the thousands digit of 24968926?
8
What is the hundreds digit of 851201244?
2
What is the hundreds digit of 131503941?
9
What is the thousands digit of 429708658?
8
What is the millions digit of 153411292?
3
What is the hundred thousands digit of 35057645?
0
What is the hundred millions digit of 138934715?
1
What is the hundred thousands digit of 139306519?
3
What is the tens digit of 7335777454?
5
What is the hundred millions digit of 417974804?
4
What is the hundred thousands digit of 40586725?
5
What is the tens digit of 6970465842?
4
What is the hundred thousands digit of 1743209269?
2
What is the ten thousands digit of 13580425?
8
What is the hundred millions digit of 319037028?
3
What is the units digit of 258286442?
2
What is the millions digit of 402418663?
2
What is the hundred thousands digit of 805415105?
4
What is the hundred millions digit of 2194931167?
1
What is the hundreds digit of 868304057?
0
What is the billions digit of 3457542278?
3
What is the units digit of 361974262?
2
What is the millions digit of 28067030?
8
What is the thousands digit of 16144727?
4
What is the ten millions digit of 72442037?
7
What is the units digit of 189006757?
7
What is the hundreds digit of 913732899?
8
What is the tens digit of 23789326?
2
What is the millions digit of 37608528?
7
What is the hundreds digit of 1055725854?
8
What is the ten millions digit of 19222108?
1
What is the thousands digit of 35228619?
8
What is the hundred millions digit of 5733266566?
7
What is the hundred thousands digit of 32179293?
1
What is the billions digit of 1140006759?
1
What is the thousands digit of 12734120?
4
What is the units digit of 280357605?
5
What is the ten millions digit of 812255197?
1
What is the ten millions digit of 1862399729?
6
What is the ten millions digit of 103330257?
0
What is the ten thousands digit of 55993763?
9
What is the millions digit of 3705300191?
5
What is the tens digit of 1547629265?
6
What is the thousands digit of 61708590?
8
What is the hundreds digit of 95566311?
3
What is the units digit of 86712525?
5
What is the tens digit of 160352470?
7
What is the units digit of 259666601?
1
What is the hundreds digit of 161724246?
2
What is the billions digit of 4029428127?
4
What is the billions digit of 4160464604?
4
What is the millions digit of 831997080?
1
What is the ten millions digit of 42732752?
4
What is the ten millions digit of 81236433?
8
What is the billions digit of 8463558052?
8
What is the hundreds digit of 9988789?
7
What is the tens digit of 112235343?
4
What is the hundreds digit of 2701012693?
6
What is the hundred thousands digit of 502075916?
0
What is the ten thousands digit of 1402321533?
2
What is the hundred thousands digit of 3546219?
5
What is the hundred thousands digit of 110320756?
3
What is the tens digit of 41589748?
4
What is the ten millions digit of 1358765727?
5
What is the tens digit of 635570627?
2
What is the hundreds digit of 796840885?
8
What is the units digit of 239473873?
3
What is the thousands digit of 66054850?
4
What is the ten millions digit of 1278622013?
7
What is the thousands digit of 38384104?
4
What is the billions digit of 1864285669?
1
What is the ten millions digit of 2206465854?
0
What is the ten thousands digit of 1167865814?
6
What is the units digit of 34518751?
1
What is the units digit of 535656994?
4
What is the ten thousands digit of 1291815628?
1
What is the thousands digit of 787625363?
5
What is the thousands digit of 1406660465?
0
What is the thousands digit of 41522704?
2
What is the thousands digit of 78258011?
8
What is the ten thousands digit of 61598526?
9
What is the thous